CRAN Package Check Results for Package mvabund

Last updated on 2020-10-30 03:50:19 CET.

Flavor Version Tinstall Tcheck Ttotal Status Flags
r-devel-linux-x86_64-debian-clang 4.1.3 104.76 174.48 279.24 OK
r-devel-linux-x86_64-debian-gcc 4.1.3 73.90 127.00 200.90 OK
r-devel-linux-x86_64-fedora-clang 4.1.3 361.00 OK
r-devel-linux-x86_64-fedora-gcc 4.1.3 333.67 OK
r-devel-windows-ix86+x86_64 4.1.3 224.00 339.00 563.00 OK
r-patched-linux-x86_64 4.1.3 96.96 162.99 259.95 OK
r-patched-solaris-x86 4.1.3 386.20 OK
r-release-linux-x86_64 4.1.3 94.40 164.47 258.87 OK
r-release-macos-x86_64 4.1.3 NOTE
r-release-windows-ix86+x86_64 4.1.3 175.00 320.00 495.00 OK
r-oldrel-macos-x86_64 4.1.3 NOTE
r-oldrel-windows-ix86+x86_64 4.1.3 185.00 301.00 486.00 OK

Check Details

Version: 4.1.3
Check: installed package size
Result: NOTE
     installed size is 6.6Mb
     sub-directories of 1Mb or more:
     libs 5.5Mb
Flavors: r-release-macos-x86_64, r-oldrel-macos-x86_64