CRAN Package Check Results for Package mvGPS

Last updated on 2023-12-04 05:09:13 CET.

Flavor Version Tinstall Tcheck Ttotal Status Flags
r-devel-linux-x86_64-debian-clang 1.2.2 12.57 132.14 144.71 NOTE
r-devel-linux-x86_64-debian-gcc 1.2.2 9.89 97.26 107.15 NOTE
r-devel-linux-x86_64-fedora-clang 1.2.2 178.90 NOTE
r-devel-linux-x86_64-fedora-gcc 1.2.2 131.77 NOTE
r-devel-windows-x86_64 1.2.2 11.00 109.00 120.00 NOTE
r-patched-linux-x86_64 1.2.2 7.89 126.21 134.10 NOTE
r-release-linux-x86_64 1.2.2 8.08 125.11 133.19 NOTE
r-release-macos-arm64 1.2.2 67.00 NOTE
r-release-macos-x86_64 1.2.2 102.00 NOTE
r-release-windows-x86_64 1.2.2 14.00 134.00 148.00 NOTE
r-oldrel-macos-arm64 1.2.2 65.00 NOTE
r-oldrel-macos-x86_64 1.2.2 118.00 NOTE
r-oldrel-windows-x86_64 1.2.2 15.00 140.00 155.00 OK

Check Details

Version: 1.2.2
Check: Rd files
Result: NOTE checkRd: (-1) bal.Rd:156: Escaped LaTeX specials: \& Flavors: r-devel-linux-x86_64-debian-clang, r-devel-linux-x86_64-debian-gcc, r-devel-linux-x86_64-fedora-clang, r-devel-linux-x86_64-fedora-gcc, r-devel-windows-x86_64, r-patched-linux-x86_64, r-release-linux-x86_64, r-release-macos-arm64, r-release-macos-x86_64, r-release-windows-x86_64

Version: 1.2.2
Check: dependencies in R code
Result: NOTE Namespace in Imports field not imported from: ‘Rdpack’ All declared Imports should be used. Flavors: r-devel-linux-x86_64-fedora-clang, r-devel-linux-x86_64-fedora-gcc, r-oldrel-macos-arm64, r-oldrel-macos-x86_64