Last updated on 2023-12-02 16:49:21 CET.
Flavor | Version | Tinstall | Tcheck | Ttotal | Status | Flags |
---|---|---|---|---|---|---|
r-devel-linux-x86_64-debian-clang | 0.3.5 | 6.17 | 53.55 | 59.72 | NOTE | |
r-devel-linux-x86_64-debian-gcc | 0.3.5 | 4.90 | 39.30 | 44.20 | NOTE | |
r-devel-linux-x86_64-fedora-clang | 0.3.5 | 72.18 | OK | |||
r-devel-linux-x86_64-fedora-gcc | 0.3.5 | 67.78 | OK | |||
r-devel-windows-x86_64 | 0.3.5 | 5.00 | 57.00 | 62.00 | OK | |
r-patched-linux-x86_64 | 0.3.5 | 5.96 | 50.89 | 56.85 | OK | |
r-release-linux-x86_64 | 0.3.5 | 6.67 | 50.69 | 57.36 | OK | |
r-release-macos-arm64 | 0.3.5 | 23.00 | OK | |||
r-release-macos-x86_64 | 0.3.5 | 37.00 | OK | |||
r-release-windows-x86_64 | 0.3.5 | 7.00 | 61.00 | 68.00 | OK | |
r-oldrel-macos-arm64 | 0.3.5 | 24.00 | OK | |||
r-oldrel-macos-x86_64 | 0.3.5 | 39.00 | OK | |||
r-oldrel-windows-x86_64 | 0.3.5 | 8.00 | 70.00 | 78.00 | OK |
Version: 0.3.5
Check: Rd files
Result: NOTE
checkRd: (-1) metricUnfolding.Rd:69-70: Lost braces in \itemize; meant \describe ?
checkRd: (-1) metricUnfolding.Rd:71-72: Lost braces in \itemize; meant \describe ?
checkRd: (-1) metricUnfolding.Rd:73-74: Lost braces in \itemize; meant \describe ?
checkRd: (-1) metricUnfolding.Rd:75-79: Lost braces in \itemize; meant \describe ?
checkRd: (-1) metricUnfolding.Rd:80-86: Lost braces in \itemize; meant \describe ?
Flavors: r-devel-linux-x86_64-debian-clang, r-devel-linux-x86_64-debian-gcc