CRAN Package Check Results for Package multiplex

Last updated on 2024-06-14 05:00:26 CEST.

Flavor Version Tinstall Tcheck Ttotal Status Flags
r-devel-linux-x86_64-debian-clang 3.1.1 19.73 132.04 151.77 OK
r-devel-linux-x86_64-debian-gcc 3.1.1 18.85 89.03 107.88 OK
r-devel-linux-x86_64-fedora-clang 3.1.1 198.43 OK
r-devel-linux-x86_64-fedora-gcc 3.1.1 186.41 OK
r-devel-windows-x86_64 3.1.1 17.00 123.00 140.00 OK
r-patched-linux-x86_64 3.1.1 26.13 117.76 143.89 OK
r-release-linux-x86_64 3.1.1 19.82 119.94 139.76 OK
r-release-macos-arm64 3.1.1 49.00 OK
r-release-macos-x86_64 3.1.1 124.00 WARN
r-release-windows-x86_64 3.1.1 17.00 114.00 131.00 OK
r-oldrel-macos-arm64 3.1.1 50.00 OK
r-oldrel-macos-x86_64 3.1.1 201.00 OK
r-oldrel-windows-x86_64 3.1.1 17.00 130.00 147.00 OK

Check Details

Version: 3.1.1
Check: re-building of vignette outputs
Result: WARN Error(s) in re-building vignettes: ... --- re-building ‘TwoModeNetworks.Rnw’ using knitr Error: processing vignette 'TwoModeNetworks.Rnw' failed with diagnostics: Running 'texi2dvi' on 'TwoModeNetworks.tex' failed. LaTeX errors: ! Undefined control sequence. l.90 \hldef {> }\hlcom{# Fruits data set with attributes} ? ! Emergency stop. ! Emergency stop. l.90 End of file on the terminal! ! ==> Fatal error occurred, no output PDF file produced! --- failed re-building ‘TwoModeNetworks.Rnw’ SUMMARY: processing the following file failed: ‘TwoModeNetworks.Rnw’ Error: Vignette re-building failed. Execution halted Flavor: r-release-macos-x86_64