CRAN Package Check Results for Package multinomineq

Last updated on 2020-08-09 15:47:51 CEST.

Flavor Version Tinstall Tcheck Ttotal Status Flags
r-devel-linux-x86_64-debian-clang 0.2.1 86.25 273.46 359.71 NOTE
r-devel-linux-x86_64-debian-gcc 0.2.1 60.96 180.60 241.56 NOTE
r-devel-linux-x86_64-fedora-clang 0.2.1 438.13 NOTE
r-devel-linux-x86_64-fedora-gcc 0.2.1 417.70 NOTE
r-devel-windows-ix86+x86_64 0.2.1 190.00 670.00 860.00 NOTE
r-patched-linux-x86_64 0.2.1 66.15 267.47 333.62 NOTE
r-patched-solaris-x86 0.2.1 496.90 NOTE
r-release-linux-x86_64 0.2.1 64.35 267.46 331.81 NOTE
r-release-macos-x86_64 0.2.1 NOTE
r-release-windows-ix86+x86_64 0.2.1 189.00 661.00 850.00 NOTE
r-oldrel-macos-x86_64 0.2.1 NOTE
r-oldrel-windows-ix86+x86_64 0.2.1 123.00 502.00 625.00 NOTE

Check Details

Version: 0.2.1
Check: package dependencies
Result: NOTE
    Package suggested but not available for checking: 'rPorta'
Flavors: r-devel-linux-x86_64-debian-clang, r-devel-linux-x86_64-debian-gcc, r-devel-linux-x86_64-fedora-clang, r-devel-linux-x86_64-fedora-gcc, r-devel-windows-ix86+x86_64, r-patched-linux-x86_64, r-patched-solaris-x86, r-release-linux-x86_64, r-release-macos-x86_64, r-release-windows-ix86+x86_64, r-oldrel-macos-x86_64, r-oldrel-windows-ix86+x86_64

Version: 0.2.1
Check: installed package size
Result: NOTE
     installed size is 6.6Mb
     sub-directories of 1Mb or more:
     libs 5.2Mb
Flavors: r-devel-linux-x86_64-fedora-clang, r-release-macos-x86_64, r-oldrel-macos-x86_64