CRAN Package Check Results for Package multinet

Last updated on 2020-08-06 15:49:38 CEST.

Flavor Version Tinstall Tcheck Ttotal Status Flags
r-devel-linux-x86_64-debian-clang 3.3.1 659.21 44.66 703.87 OK
r-devel-linux-x86_64-debian-gcc 3.3.1 634.43 35.78 670.21 OK
r-devel-linux-x86_64-fedora-clang 3.3.1 1180.11 NOTE
r-devel-linux-x86_64-fedora-gcc 3.3.1 1118.40 OK
r-devel-windows-ix86+x86_64 3.3.1 1651.00 111.00 1762.00 NOTE
r-patched-linux-x86_64 3.3.1 696.77 44.69 741.46 OK
r-patched-solaris-x86 3.3.1 1018.90 NOTE
r-release-linux-x86_64 3.3.1 670.80 44.46 715.26 OK
r-release-macos-x86_64 3.3.1 NOTE
r-release-windows-ix86+x86_64 3.3.1 1599.00 145.00 1744.00 NOTE
r-oldrel-macos-x86_64 3.3.1 NOTE
r-oldrel-windows-ix86+x86_64 3.3.1 1349.00 127.00 1476.00 NOTE

Check Details

Version: 3.3.1
Check: installed package size
Result: NOTE
     installed size is 98.8Mb
     sub-directories of 1Mb or more:
     libs 98.5Mb
Flavors: r-devel-linux-x86_64-fedora-clang, r-devel-windows-ix86+x86_64, r-patched-solaris-x86, r-release-macos-x86_64, r-release-windows-ix86+x86_64, r-oldrel-macos-x86_64, r-oldrel-windows-ix86+x86_64