CRAN Package Check Results for Package multimorbidity

Last updated on 2024-03-05 04:57:44 CET.

Flavor Version Tinstall Tcheck Ttotal Status Flags
r-devel-linux-x86_64-debian-clang 0.5.1 8.96 56.08 65.04 OK
r-devel-linux-x86_64-debian-gcc 0.5.1 6.53 43.28 49.81 OK
r-devel-linux-x86_64-fedora-clang 0.5.1 82.92 NOTE
r-devel-linux-x86_64-fedora-gcc 0.5.1 91.16 NOTE
r-devel-windows-x86_64 0.5.1 10.00 60.00 70.00 OK
r-patched-linux-x86_64 0.5.1 7.76 54.77 62.53 OK
r-release-linux-x86_64 0.5.1 5.96 54.48 60.44 OK
r-release-macos-arm64 0.5.1 35.00 OK
r-release-macos-x86_64 0.5.1 51.00 OK
r-release-windows-x86_64 0.5.1 11.00 68.00 79.00 OK
r-oldrel-macos-arm64 0.5.1 30.00 OK
r-oldrel-windows-x86_64 0.5.1 12.00 70.00 82.00 OK

Check Details

Version: 0.5.1
Check: data for non-ASCII characters
Result: NOTE Note: found 15 marked UTF-8 strings Flavors: r-devel-linux-x86_64-fedora-clang, r-devel-linux-x86_64-fedora-gcc