Last updated on 2023-12-10 16:51:19 CET.
Flavor | Version | Tinstall | Tcheck | Ttotal | Status | Flags |
---|---|---|---|---|---|---|
r-devel-linux-x86_64-debian-clang | 0.1.1 | 109.92 | 55.91 | 165.83 | OK | |
r-devel-linux-x86_64-debian-gcc | 0.1.1 | 75.93 | 41.81 | 117.74 | OK | |
r-devel-linux-x86_64-fedora-clang | 0.1.1 | 233.29 | OK | |||
r-devel-linux-x86_64-fedora-gcc | 0.1.1 | 234.43 | OK | |||
r-devel-windows-x86_64 | 0.1.1 | 84.00 | 85.00 | 169.00 | OK | |
r-patched-linux-x86_64 | 0.1.1 | 89.80 | 53.04 | 142.84 | OK | |
r-release-linux-x86_64 | 0.1.1 | 91.29 | 52.70 | 143.99 | OK | |
r-release-macos-arm64 | 0.1.1 | 129.00 | NOTE | |||
r-release-macos-x86_64 | 0.1.1 | 62.00 | OK | |||
r-release-windows-x86_64 | 0.1.1 | 101.00 | 100.00 | 201.00 | OK | |
r-oldrel-macos-arm64 | 0.1.1 | 56.00 | NOTE | |||
r-oldrel-macos-x86_64 | 0.1.1 | 72.00 | OK | |||
r-oldrel-windows-x86_64 | 0.1.1 | 99.00 | 103.00 | 202.00 | OK |
Version: 0.1.1
Check: installed package size
Result: NOTE
installed size is 5.1Mb
sub-directories of 1Mb or more:
libs 4.9Mb
Flavors: r-release-macos-arm64, r-oldrel-macos-arm64