Last updated on 2023-12-07 16:49:38 CET.
Flavor | Version | Tinstall | Tcheck | Ttotal | Status | Flags |
---|---|---|---|---|---|---|
r-devel-linux-x86_64-debian-clang | 0.1.1 | 21.65 | 264.47 | 286.12 | NOTE | |
r-devel-linux-x86_64-debian-gcc | 0.1.1 | 17.18 | 192.61 | 209.79 | NOTE | |
r-devel-linux-x86_64-fedora-clang | 0.1.1 | 349.21 | NOTE | |||
r-devel-linux-x86_64-fedora-gcc | 0.1.1 | 338.63 | NOTE | |||
r-devel-windows-x86_64 | 0.1.1 | 20.00 | 195.00 | 215.00 | NOTE | |
r-patched-linux-x86_64 | 0.1.1 | 27.51 | 245.86 | 273.37 | NOTE | |
r-release-linux-x86_64 | 0.1.1 | 17.45 | 244.44 | 261.89 | NOTE | |
r-release-macos-arm64 | 0.1.1 | 110.00 | NOTE | |||
r-release-macos-x86_64 | 0.1.1 | 174.00 | NOTE | |||
r-release-windows-x86_64 | 0.1.1 | 26.00 | 252.00 | 278.00 | NOTE | |
r-oldrel-macos-arm64 | 0.1.1 | 106.00 | NOTE | |||
r-oldrel-macos-x86_64 | 0.1.1 | 155.00 | NOTE | |||
r-oldrel-windows-x86_64 | 0.1.1 | 27.00 | 257.00 | 284.00 | NOTE |
Version: 0.1.1
Check: LazyData
Result: NOTE
'LazyData' is specified without a 'data' directory
Flavors: r-devel-linux-x86_64-debian-clang, r-devel-linux-x86_64-debian-gcc, r-devel-linux-x86_64-fedora-clang, r-devel-linux-x86_64-fedora-gcc, r-devel-windows-x86_64, r-patched-linux-x86_64, r-release-linux-x86_64, r-release-macos-arm64, r-release-macos-x86_64, r-release-windows-x86_64, r-oldrel-macos-arm64, r-oldrel-macos-x86_64, r-oldrel-windows-x86_64