Last updated on 2023-04-01 04:56:23 CEST.
Flavor | Version | Tinstall | Tcheck | Ttotal | Status | Flags |
---|---|---|---|---|---|---|
r-devel-linux-x86_64-debian-clang | 0.4.3 | 20.33 | 228.39 | 248.72 | OK | |
r-devel-linux-x86_64-debian-gcc | 0.4.3 | 17.00 | 170.14 | 187.14 | OK | |
r-devel-linux-x86_64-fedora-clang | 0.4.3 | 295.58 | OK | |||
r-devel-linux-x86_64-fedora-gcc | 0.4.3 | 308.80 | OK | |||
r-devel-windows-x86_64 | 0.4.3 | 82.00 | 0.00 | 82.00 | OK | |
r-patched-linux-x86_64 | 0.4.3 | 19.99 | 215.88 | 235.87 | OK | |
r-release-linux-x86_64 | 0.4.3 | 13.61 | 215.69 | 229.30 | OK | |
r-release-macos-arm64 | 0.4.3 | 98.00 | OK | |||
r-release-macos-x86_64 | 0.4.3 | 179.00 | OK | |||
r-release-windows-x86_64 | 0.4.3 | 52.00 | 257.00 | 309.00 | OK | |
r-oldrel-macos-arm64 | 0.4.3 | 112.00 | OK | |||
r-oldrel-macos-x86_64 | 0.4.3 | 430.00 | NOTE | |||
r-oldrel-windows-ix86+x86_64 | 0.4.3 | 43.00 | 246.00 | 289.00 | WARN |
Version: 0.4.3
Check: package dependencies
Result: NOTE
Packages suggested but not available for checking:
'switchBox', 'leukemiasEset'
Flavor: r-oldrel-macos-x86_64
Version: 0.4.3
Check: package dependencies
Result: NOTE
Package suggested but not available for checking: 'leukemiasEset'
Flavor: r-oldrel-windows-ix86+x86_64
Version: 0.4.3
Check: re-building of vignette outputs
Result: WARN
Error(s) in re-building vignettes:
--- re-building 'Tutorial.Rmd' using rmarkdown
Quitting from lines 131-144 (Tutorial.Rmd)
Error: processing vignette 'Tutorial.Rmd' failed with diagnostics:
there is no package called 'leukemiasEset'
--- failed re-building 'Tutorial.Rmd'
SUMMARY: processing the following file failed:
'Tutorial.Rmd'
Error: Vignette re-building failed.
Execution halted
Flavor: r-oldrel-windows-ix86+x86_64