CRAN Package Check Results for Package multcomp

Last updated on 2024-06-12 16:56:50 CEST.

Flavor Version Tinstall Tcheck Ttotal Status Flags
r-devel-linux-x86_64-debian-clang 1.4-25 9.44 175.81 185.25 OK
r-devel-linux-x86_64-debian-gcc 1.4-25 8.42 136.05 144.47 OK
r-devel-linux-x86_64-fedora-clang 1.4-25 244.27 OK
r-devel-linux-x86_64-fedora-gcc 1.4-25 247.50 OK
r-devel-windows-x86_64 1.4-25 10.00 222.00 232.00 OK
r-patched-linux-x86_64 1.4-25 9.52 180.64 190.16 OK
r-release-linux-x86_64 1.4-25 10.48 173.60 184.08 OK
r-release-macos-arm64 1.4-25 88.00 OK
r-release-macos-x86_64 1.4-25 132.00 OK
r-release-windows-x86_64 1.4-25 10.00 224.00 234.00 OK
r-oldrel-macos-arm64 1.4-25 94.00 OK
r-oldrel-macos-x86_64 1.4-25 266.00 OK
r-oldrel-windows-x86_64 1.4-25 12.00 239.00 251.00 NOTE

Check Details

Version: 1.4-25
Check: HTML version of manual
Result: NOTE Encountered the following conversion/validation errors: 'CreateProcess' failed to run 'd:\rtools43\x86_64-w64-mingw32.static.posix\bin\tidy.exe -language en -qe --drop-empty-elements no D:\temp\Rtmp4c2548\file2b74442df272d' 'CreateProcess' failed to run 'd:\rtools43\x86_64-w64-mingw32.static.posix\bin\tidy.exe -language en -qe --drop-empty-elements no D:\temp\Rtmp4c2548\file2b74442df272d' 'CreateProcess' failed to run 'd:\rtools43\x86_64-w64-mingw32.static.posix\bin\tidy.exe -language en -qe --drop-empty-elements no D:\temp\Rtmp4c2548\file2b74442df272d' Flavor: r-oldrel-windows-x86_64