CRAN Package Check Results for Package mssqlR

Last updated on 2020-08-08 15:46:55 CEST.

Flavor Version Tinstall Tcheck Ttotal Status Flags
r-devel-linux-x86_64-debian-clang 1.0.0 2.13 19.51 21.64 OK
r-devel-linux-x86_64-debian-gcc 1.0.0 1.68 15.66 17.34 OK
r-devel-linux-x86_64-fedora-clang 1.0.0 34.57 OK
r-devel-linux-x86_64-fedora-gcc 1.0.0 24.87 OK
r-devel-windows-ix86+x86_64 1.0.0 7.00 40.00 47.00 OK
r-patched-linux-x86_64 1.0.0 1.93 19.32 21.25 OK
r-patched-solaris-x86 1.0.0 41.20 OK
r-release-linux-x86_64 1.0.0 1.94 19.80 21.74 OK
r-release-macos-x86_64 1.0.0 ERROR
r-release-windows-ix86+x86_64 1.0.0 8.00 30.00 38.00 OK
r-oldrel-macos-x86_64 1.0.0 ERROR
r-oldrel-windows-ix86+x86_64 1.0.0 5.00 40.00 45.00 OK

Check Details

Version: 1.0.0
Check: examples
Result: ERROR
    Running examples in ‘mssqlR-Ex.R’ failed
Flavors: r-release-macos-x86_64, r-oldrel-macos-x86_64