CRAN Package Check Results for Package msm

Last updated on 2020-07-13 15:48:36 CEST.

Flavor Version Tinstall Tcheck Ttotal Status Flags
r-devel-linux-x86_64-debian-clang 1.6.8 24.33 286.61 310.94 OK
r-devel-linux-x86_64-debian-gcc 1.6.8 21.87 219.49 241.36 OK
r-devel-linux-x86_64-fedora-clang 1.6.8 359.93 OK
r-devel-linux-x86_64-fedora-gcc 1.6.8 364.34 OK
r-devel-windows-ix86+x86_64 1.6.8 39.00 545.00 584.00 OK
r-patched-linux-x86_64 1.6.8 24.02 282.28 306.30 OK
r-patched-solaris-x86 1.6.8 585.40 OK
r-release-linux-x86_64 1.6.8 24.16 287.19 311.35 OK
r-release-macos-x86_64 1.6.8 ERROR
r-release-windows-ix86+x86_64 1.6.8 54.00 406.00 460.00 OK
r-oldrel-macos-x86_64 1.6.8 OK
r-oldrel-windows-ix86+x86_64 1.6.8 54.00 409.00 463.00 OK

Check Details

Version: 1.6.8
Check: whether package can be installed
Result: ERROR
    Installation failed.
Flavor: r-release-macos-x86_64