CRAN Package Check Results for Package mskcc.oncotree

Last updated on 2024-02-29 15:53:51 CET.

Flavor Version Tinstall Tcheck Ttotal Status Flags
r-devel-linux-x86_64-debian-clang 0.1.1 4.37 39.51 43.88 OK
r-devel-linux-x86_64-debian-gcc 0.1.1 3.88 0.49 4.37 FAIL
r-devel-linux-x86_64-fedora-clang 0.1.1 55.05 OK
r-devel-linux-x86_64-fedora-gcc 0.1.1 52.33 OK
r-devel-windows-x86_64 0.1.1 5.00 52.00 57.00 OK
r-patched-linux-x86_64 0.1.1 4.04 38.77 42.81 OK
r-release-linux-x86_64 0.1.1 3.04 38.76 41.80 OK
r-release-macos-arm64 0.1.1 73.00 OK
r-release-macos-x86_64 0.1.1 28.00 OK
r-release-windows-x86_64 0.1.1 7.00 62.00 69.00 OK
r-oldrel-macos-arm64 0.1.1 24.00 OK
r-oldrel-windows-x86_64 0.1.1 6.00 60.00 66.00 OK

Check Details

Version: 0.1.1
Check: package dependencies
Result: FAIL
Flavor: r-devel-linux-x86_64-debian-gcc