CRAN Package Check Results for Package msda

Last updated on 2024-02-24 16:48:26 CET.

Flavor Version Tinstall Tcheck Ttotal Status Flags
r-devel-linux-x86_64-debian-clang 1.0.3 11.58 76.88 88.46 NOTE
r-devel-linux-x86_64-debian-gcc 1.0.3 8.28 56.47 64.75 NOTE
r-devel-linux-x86_64-fedora-clang 1.0.3 107.18 NOTE
r-devel-linux-x86_64-fedora-gcc 1.0.3 98.29 NOTE
r-devel-windows-x86_64 1.0.3 10.00 76.00 86.00 NOTE
r-patched-linux-x86_64 1.0.3 10.06 72.28 82.34 OK
r-release-linux-x86_64 1.0.3 8.38 71.50 79.88 OK
r-release-macos-arm64 1.0.3 37.00 OK
r-release-macos-x86_64 1.0.3 58.00 OK
r-release-windows-x86_64 1.0.3 13.00 89.00 102.00 OK
r-oldrel-macos-arm64 1.0.3 35.00 OK
r-oldrel-windows-x86_64 1.0.3 12.00 92.00 104.00 OK

Check Details

Version: 1.0.3
Check: Rd contents
Result: NOTE Argument items with no description in Rd file 'msda.Rd': ‘sml’ Flavors: r-devel-linux-x86_64-debian-clang, r-devel-linux-x86_64-debian-gcc, r-devel-linux-x86_64-fedora-clang, r-devel-linux-x86_64-fedora-gcc, r-devel-windows-x86_64

Version: 1.0.3
Check: installed package size
Result: NOTE installed size is 7.7Mb sub-directories of 1Mb or more: libs 7.4Mb Flavor: r-devel-linux-x86_64-fedora-clang