CRAN Package Check Results for Package msaenet

Last updated on 2024-02-26 16:56:30 CET.

Flavor Version Tinstall Tcheck Ttotal Status Flags
r-devel-linux-x86_64-debian-clang 3.1 8.96 137.36 146.32 NOTE
r-devel-linux-x86_64-debian-gcc 3.1 7.62 108.25 115.87 NOTE
r-devel-linux-x86_64-fedora-clang 3.1 176.78 NOTE
r-devel-linux-x86_64-fedora-gcc 3.1 192.30 NOTE
r-devel-windows-x86_64 3.1 9.00 125.00 134.00 NOTE
r-patched-linux-x86_64 3.1 7.60 140.86 148.46 NOTE
r-release-linux-x86_64 3.1 9.40 137.55 146.95 NOTE
r-release-macos-arm64 3.1 68.00 NOTE
r-release-macos-x86_64 3.1 114.00 NOTE
r-release-windows-x86_64 3.1 12.00 150.00 162.00 NOTE
r-oldrel-macos-arm64 3.1 56.00 NOTE
r-oldrel-windows-x86_64 3.1 12.00 155.00 167.00 NOTE

Check Details

Version: 3.1
Check: Rd files
Result: NOTE checkRd: (-1) aenet.Rd:64: Lost braces; missing escapes or markup? 64 | default is {FALSE}. To enable parallel tuning, load the | ^ checkRd: (-1) amnet.Rd:59: Lost braces; missing escapes or markup? 59 | default is {FALSE}. To enable parallel tuning, load the | ^ checkRd: (-1) asnet.Rd:59: Lost braces; missing escapes or markup? 59 | default is {FALSE}. To enable parallel tuning, load the | ^ checkRd: (-1) msaenet.Rd:80: Lost braces; missing escapes or markup? 80 | default is {FALSE}. To enable parallel tuning, load the | ^ checkRd: (-1) msamnet.Rd:74: Lost braces; missing escapes or markup? 74 | default is {FALSE}. To enable parallel tuning, load the | ^ checkRd: (-1) msasnet.Rd:74: Lost braces; missing escapes or markup? 74 | default is {FALSE}. To enable parallel tuning, load the | ^ Flavors: r-devel-linux-x86_64-debian-clang, r-devel-linux-x86_64-debian-gcc

Version: 3.1
Check: LazyData
Result: NOTE 'LazyData' is specified without a 'data' directory Flavors: r-devel-linux-x86_64-debian-clang, r-devel-linux-x86_64-debian-gcc, r-devel-linux-x86_64-fedora-clang, r-devel-linux-x86_64-fedora-gcc, r-devel-windows-x86_64, r-patched-linux-x86_64, r-release-linux-x86_64, r-release-macos-arm64, r-release-macos-x86_64, r-release-windows-x86_64, r-oldrel-macos-arm64, r-oldrel-windows-x86_64