CRAN Package Check Results for Package msaR

Last updated on 2024-03-03 04:48:42 CET.

Flavor Version Tinstall Tcheck Ttotal Status Flags
r-devel-linux-x86_64-debian-clang 0.6.0 4.82 47.45 52.27 OK
r-devel-linux-x86_64-debian-gcc 0.6.0 2.20 37.00 39.20 OK
r-devel-linux-x86_64-fedora-clang 0.6.0 64.88 OK
r-devel-linux-x86_64-fedora-gcc 0.6.0 73.78 OK
r-devel-windows-x86_64 0.6.0 6.00 57.00 63.00 OK
r-patched-linux-x86_64 0.6.0 3.93 46.57 50.50 OK
r-release-linux-x86_64 0.6.0 2.65 46.66 49.31 OK
r-release-macos-arm64 0.6.0 32.00 OK
r-release-macos-x86_64 0.6.0 42.00 OK
r-release-windows-x86_64 0.6.0 7.00 69.00 76.00 OK
r-oldrel-macos-arm64 0.6.0 26.00 NOTE
r-oldrel-windows-x86_64 0.6.0 6.00 66.00 72.00 OK

Check Details

Version: 0.6.0
Check: package dependencies
Result: NOTE Package suggested but not available for checking: ‘Biostrings’ Flavor: r-oldrel-macos-arm64

Version: 0.6.0
Check: Rd cross-references
Result: NOTE Package unavailable to check Rd xrefs: ‘Biostrings’ Flavor: r-oldrel-macos-arm64