CRAN Package Check Results for Package mrMLM.GUI

Last updated on 2020-08-03 05:48:54 CEST.

Flavor Version Tinstall Tcheck Ttotal Status Flags
r-devel-linux-x86_64-debian-clang 4.0 24.28 162.00 186.28 OK
r-devel-linux-x86_64-debian-gcc 4.0 21.14 126.78 147.92 OK
r-devel-linux-x86_64-fedora-clang 4.0 219.76 OK
r-devel-linux-x86_64-fedora-gcc 4.0 210.67 OK
r-devel-windows-ix86+x86_64 4.0 65.00 168.00 233.00 OK
r-patched-linux-x86_64 4.0 21.84 155.57 177.41 OK
r-patched-solaris-x86 4.0 361.90 NOTE
r-release-linux-x86_64 4.0 23.42 156.53 179.95 OK
r-release-macos-x86_64 4.0 OK
r-release-windows-ix86+x86_64 4.0 69.00 243.00 312.00 OK
r-oldrel-macos-x86_64 4.0 OK
r-oldrel-windows-ix86+x86_64 4.0 38.00 180.00 218.00 OK

Check Details

Version: 4.0
Check: installed package size
Result: NOTE
     installed size is 5.4Mb
     sub-directories of 1Mb or more:
     extdata 3.8Mb
Flavor: r-patched-solaris-x86