CRAN Package Check Results for Package mousetrack

Last updated on 2020-08-08 15:46:55 CEST.

Flavor Version Tinstall Tcheck Ttotal Status Flags
r-devel-linux-x86_64-debian-clang 1.0.0 2.35 23.93 26.28 NOTE
r-devel-linux-x86_64-debian-gcc 1.0.0 2.11 19.65 21.76 NOTE
r-devel-linux-x86_64-fedora-clang 1.0.0 41.85 NOTE
r-devel-linux-x86_64-fedora-gcc 1.0.0 31.24 NOTE
r-devel-windows-ix86+x86_64 1.0.0 8.00 50.00 58.00 NOTE
r-patched-linux-x86_64 1.0.0 2.39 24.37 26.76 NOTE
r-patched-solaris-x86 1.0.0 48.80 NOTE
r-release-linux-x86_64 1.0.0 2.67 24.40 27.07 NOTE
r-release-macos-x86_64 1.0.0 NOTE
r-release-windows-ix86+x86_64 1.0.0 7.00 35.00 42.00 NOTE
r-oldrel-macos-x86_64 1.0.0 NOTE
r-oldrel-windows-ix86+x86_64 1.0.0 5.00 48.00 53.00 NOTE

Check Details

Version: 1.0.0
Check: R code for possible problems
Result: NOTE
    getmouseDV: no visible global function definition for 'tail'
    interpltraj: no visible global function definition for 'approx'
    trim1: no visible global function definition for 'tail'
    Undefined global functions or variables:
     approx tail
    Consider adding
     importFrom("stats", "approx")
     importFrom("utils", "tail")
    to your NAMESPACE file.
Flavors: r-devel-linux-x86_64-debian-clang, r-devel-linux-x86_64-debian-gcc, r-devel-linux-x86_64-fedora-clang, r-devel-linux-x86_64-fedora-gcc, r-devel-windows-ix86+x86_64, r-patched-linux-x86_64, r-patched-solaris-x86, r-release-linux-x86_64, r-release-macos-x86_64, r-release-windows-ix86+x86_64, r-oldrel-macos-x86_64, r-oldrel-windows-ix86+x86_64