Last updated on 2023-11-28 16:48:25 CET.
Flavor | Version | Tinstall | Tcheck | Ttotal | Status | Flags |
---|---|---|---|---|---|---|
r-devel-linux-x86_64-debian-clang | 1.9-18 | 17.98 | 61.34 | 79.32 | OK | |
r-devel-linux-x86_64-debian-gcc | 1.9-18 | 12.75 | 45.01 | 57.76 | WARN | |
r-devel-linux-x86_64-fedora-clang | 1.9-19 | 105.30 | OK | |||
r-devel-linux-x86_64-fedora-gcc | 1.9-18 | 99.76 | WARN | |||
r-devel-windows-x86_64 | 1.9-18 | 17.00 | 77.00 | 94.00 | WARN | |
r-patched-linux-x86_64 | 1.9-18 | 16.17 | 57.55 | 73.72 | OK | |
r-release-linux-x86_64 | 1.9-18 | 14.70 | 58.06 | 72.76 | OK | |
r-release-macos-arm64 | 1.9-18 | 36.00 | OK | |||
r-release-macos-x86_64 | 1.9-18 | 73.00 | OK | |||
r-release-windows-x86_64 | 1.9-18 | 19.00 | 83.00 | 102.00 | OK | |
r-oldrel-macos-arm64 | 1.9-18 | 33.00 | OK | |||
r-oldrel-macos-x86_64 | 1.9-18 | 45.00 | OK | |||
r-oldrel-windows-x86_64 | 1.9-18 | 22.00 | 86.00 | 108.00 | OK |
Version: 1.9-18
Check: whether package can be installed
Result: WARN
Found the following significant warnings:
blasso.cc:310:35: warning: format ‘%d’ expects a matching ‘int’ argument [-Wformat=]
blasso.cc:310:52: warning: format ‘%d’ expects a matching ‘int’ argument [-Wformat=]
See ‘/home/hornik/tmp/R.check/r-devel-gcc/Work/PKGS/monomvn.Rcheck/00install.out’ for details.
* used C compiler: ‘gcc-13 (Debian 13.2.0-5) 13.2.0’
* used Fortran compiler: ‘GNU Fortran (Debian 13.2.0-5) 13.2.0’
* used C++ compiler: ‘g++-13 (Debian 13.2.0-5) 13.2.0’
Flavor: r-devel-linux-x86_64-debian-gcc
Version: 1.9-18
Check: whether package can be installed
Result: WARN
Found the following significant warnings:
blasso.cc:310:35: warning: format '%d' expects a matching 'int' argument [-Wformat=]
blasso.cc:310:52: warning: format '%d' expects a matching 'int' argument [-Wformat=]
See ‘/data/gannet/ripley/R/packages/tests-devel/monomvn.Rcheck/00install.out’ for details.
* used C compiler: ‘gcc-13 (GCC) 13.2.0’
* used Fortran compiler: ‘GNU Fortran (GCC) 13.2.0’
* used C++ compiler: ‘g++-13 (GCC) 13.2.0’
Flavor: r-devel-linux-x86_64-fedora-gcc
Version: 1.9-18
Check: whether package can be installed
Result: WARN
Found the following significant warnings:
blasso.cc:310:35: warning: format '%d' expects a matching 'int' argument [-Wformat=]
blasso.cc:310:52: warning: format '%d' expects a matching 'int' argument [-Wformat=]
See 'd:/Rcompile/CRANpkg/local/4.4/monomvn.Rcheck/00install.out' for details.
* used C compiler: 'gcc.exe (GCC) 12.3.0'
* used Fortran compiler: 'GNU Fortran (GCC) 12.3.0'
* used C++ compiler: 'g++.exe (GCC) 12.3.0'
Flavor: r-devel-windows-x86_64