CRAN Package Check Results for Package moments

Last updated on 2020-07-13 15:48:35 CEST.

Flavor Version Tinstall Tcheck Ttotal Status Flags
r-devel-linux-x86_64-debian-clang 0.14 2.05 20.61 22.66 NOTE
r-devel-linux-x86_64-debian-gcc 0.14 1.84 16.37 18.21 NOTE
r-devel-linux-x86_64-fedora-clang 0.14 35.55 NOTE
r-devel-linux-x86_64-fedora-gcc 0.14 29.31 NOTE
r-devel-windows-ix86+x86_64 0.14 5.00 30.00 35.00 NOTE
r-patched-linux-x86_64 0.14 2.25 21.08 23.33 NOTE
r-patched-solaris-x86 0.14 45.70 NOTE
r-release-linux-x86_64 0.14 2.57 20.52 23.09 NOTE
r-release-macos-x86_64 0.14 FAIL
r-release-windows-ix86+x86_64 0.14 5.00 35.00 40.00 NOTE
r-oldrel-macos-x86_64 0.14 NOTE
r-oldrel-windows-ix86+x86_64 0.14 5.00 39.00 44.00 NOTE

Check Details

Version: 0.14
Check: R code for possible problems
Result: NOTE
    agostino.test: no visible global function definition for
     'complete.cases'
    agostino.test: no visible global function definition for 'pnorm'
    anscombe.test: no visible global function definition for
     'complete.cases'
    anscombe.test: no visible global function definition for 'pnorm'
    bonett.test: no visible global function definition for 'complete.cases'
    bonett.test: no visible global function definition for 'pnorm'
    jarque.test: no visible global function definition for 'pchisq'
    Undefined global functions or variables:
     complete.cases pchisq pnorm
    Consider adding
     importFrom("stats", "complete.cases", "pchisq", "pnorm")
    to your NAMESPACE file.
Flavors: r-devel-linux-x86_64-debian-clang, r-devel-linux-x86_64-debian-gcc, r-devel-linux-x86_64-fedora-clang, r-devel-linux-x86_64-fedora-gcc, r-devel-windows-ix86+x86_64, r-patched-linux-x86_64, r-patched-solaris-x86, r-release-linux-x86_64, r-release-windows-ix86+x86_64, r-oldrel-macos-x86_64, r-oldrel-windows-ix86+x86_64

Version: 0.14
Check: DESCRIPTION meta-information
Result: FAIL
Flavor: r-release-macos-x86_64