CRAN Package Check Results for Package modelbpp

Last updated on 2024-02-23 05:07:25 CET.

Flavor Version Tinstall Tcheck Ttotal Status Flags
r-devel-linux-x86_64-debian-clang 0.1.2 OK
r-devel-linux-x86_64-debian-gcc 0.1.3 4.57 79.91 84.48 OK
r-devel-linux-x86_64-fedora-clang 0.1.3 134.14 NOTE
r-devel-linux-x86_64-fedora-gcc 0.1.3 145.35 OK
r-devel-windows-x86_64 0.1.2 4.00 83.00 87.00 OK
r-patched-linux-x86_64 0.1.3 9.05 103.63 112.68 OK
r-release-linux-x86_64 0.1.2 4.19 76.09 80.28 OK
r-release-macos-arm64 0.1.3 51.00 OK
r-release-macos-x86_64 0.1.3 118.00 OK
r-release-windows-x86_64 0.1.3 8.00 113.00 121.00 OK
r-oldrel-macos-arm64 0.1.3 46.00 OK
r-oldrel-windows-x86_64 0.1.3 8.00 115.00 123.00 OK

Check Details

Version: 0.1.3
Check: Rd cross-references
Result: NOTE Undeclared package ‘semTools’ in Rd xrefs Flavor: r-devel-linux-x86_64-fedora-clang