CRAN Package Check Results for Package mockery

Last updated on 2024-06-14 05:00:26 CEST.

Flavor Version Tinstall Tcheck Ttotal Status Flags
r-devel-linux-x86_64-debian-clang 0.4.4 3.07 40.41 43.48 OK
r-devel-linux-x86_64-debian-gcc 0.4.4 0.33 1.74 2.07 ERROR
r-devel-linux-x86_64-fedora-clang 0.4.4 57.77 OK
r-devel-linux-x86_64-fedora-gcc 0.4.4 93.71 OK
r-devel-windows-x86_64 0.4.4 4.00 54.00 58.00 OK
r-patched-linux-x86_64 0.4.4 11.24 40.82 52.06 OK
r-release-linux-x86_64 0.4.4 2.27 40.88 43.15 OK
r-release-macos-arm64 0.4.4 32.00 OK
r-release-macos-x86_64 0.4.4 53.00 OK
r-release-windows-x86_64 0.4.4 5.00 55.00 60.00 OK
r-oldrel-macos-arm64 0.4.4 41.00 OK
r-oldrel-macos-x86_64 0.4.4 165.00 OK
r-oldrel-windows-x86_64 0.4.4 5.00 58.00 63.00 OK

Check Details

Version: 0.4.4
Check: package dependencies
Result: ERROR Package required but not available: ‘testthat’ See section ‘The DESCRIPTION file’ in the ‘Writing R Extensions’ manual. Flavor: r-devel-linux-x86_64-debian-gcc