CRAN Package Check Results for Package mnormt

Last updated on 2020-07-10 03:47:23 CEST.

Flavor Version Tinstall Tcheck Ttotal Status Flags
r-devel-linux-x86_64-debian-clang 2.0.1 5.24 24.66 29.90 OK
r-devel-linux-x86_64-debian-gcc 2.0.1 4.70 19.28 23.98 OK
r-devel-linux-x86_64-fedora-clang 2.0.1 46.58 OK
r-devel-linux-x86_64-fedora-gcc 2.0.1 37.08 OK
r-devel-windows-ix86+x86_64 2.0.1 15.00 45.00 60.00 OK
r-patched-linux-x86_64 2.0.1 6.33 24.52 30.85 OK
r-patched-solaris-x86 2.0.1 54.80 OK
r-release-linux-x86_64 2.0.1 5.73 24.60 30.33 OK
r-release-osx-x86_64 2.0.1 OK
r-release-windows-ix86+x86_64 2.0.1 25.00 65.00 90.00 OK
r-oldrel-osx-x86_64 2.0.1 ERROR
r-oldrel-windows-ix86+x86_64 1.5-7 15.00 47.00 62.00 OK

Check Details

Version: 2.0.1
Check: whether package can be installed
Result: ERROR
    Installation failed.
Flavor: r-oldrel-osx-x86_64