CRAN Package Check Results for Package mnlfa

Last updated on 2024-06-13 16:49:15 CEST.

Flavor Version Tinstall Tcheck Ttotal Status Flags
r-devel-linux-x86_64-debian-clang 0.3-4 25.11 36.63 61.74 OK
r-devel-linux-x86_64-debian-gcc 0.3-4 17.56 28.45 46.01 NOTE
r-devel-linux-x86_64-fedora-clang 0.3-4 91.62 OK
r-devel-linux-x86_64-fedora-gcc 0.3-4 88.05 OK
r-devel-windows-x86_64 0.3-4 24.00 68.00 92.00 OK
r-patched-linux-x86_64 0.3-4 19.35 36.10 55.45 OK
r-release-linux-x86_64 0.3-4 24.96 36.78 61.74 OK
r-release-macos-arm64 0.3-4 24.00 OK
r-release-macos-x86_64 0.3-4 38.00 OK
r-release-windows-x86_64 0.3-4 25.00 69.00 94.00 OK
r-oldrel-macos-arm64 0.3-4 31.00 OK
r-oldrel-macos-x86_64 0.3-4 63.00 OK
r-oldrel-windows-x86_64 0.3-4 30.00 84.00 114.00 OK

Check Details

Version: 0.3-4
Check: package dependencies
Result: NOTE Packages which this enhances but not available for checking: 'aMNLFA', 'GPCMlasso' Flavor: r-devel-linux-x86_64-debian-gcc