CRAN Package Check Results for Package mnda

Last updated on 2024-02-24 16:48:26 CET.

Flavor Version Tinstall Tcheck Ttotal Status Flags
r-devel-linux-x86_64-debian-clang 1.0.9 2.93 55.88 58.81 OK
r-devel-linux-x86_64-debian-gcc 1.0.9 2.54 42.90 45.44 OK
r-devel-linux-x86_64-fedora-clang 1.0.9 77.74 NOTE
r-devel-linux-x86_64-fedora-gcc 1.0.9 72.13 NOTE
r-devel-windows-x86_64 1.0.9 4.00 64.00 68.00 OK
r-patched-linux-x86_64 1.0.9 2.42 57.66 60.08 OK
r-release-linux-x86_64 1.0.9 2.02 55.24 57.26 OK
r-release-macos-arm64 1.0.9 26.00 OK
r-release-macos-x86_64 1.0.9 37.00 OK
r-release-windows-x86_64 1.0.9 5.00 75.00 80.00 OK
r-oldrel-macos-arm64 1.0.9 21.00 OK
r-oldrel-windows-x86_64 1.0.9 5.00 77.00 82.00 OK

Check Details

Version: 1.0.9
Check: dependencies in R code
Result: NOTE Namespaces in Imports field not imported from: ‘MASS’ ‘Matrix’ ‘magrittr’ ‘reticulate’ ‘tensorflow’ ‘usethis’ All declared Imports should be used. Flavors: r-devel-linux-x86_64-fedora-clang, r-devel-linux-x86_64-fedora-gcc