CRAN Package Check Results for Package mmstat4

Last updated on 2024-02-25 04:51:11 CET.

Flavor Version Tinstall Tcheck Ttotal Status Flags
r-devel-linux-x86_64-debian-clang 0.1.6 6.64 68.01 74.65 NOTE
r-devel-linux-x86_64-debian-gcc 0.1.6 4.49 50.70 55.19 NOTE
r-devel-linux-x86_64-fedora-clang 0.1.6 87.57 OK
r-devel-linux-x86_64-fedora-gcc 0.1.6 94.54 OK
r-devel-windows-x86_64 0.1.6 6.00 89.00 95.00 OK
r-patched-linux-x86_64 0.1.6 5.37 62.37 67.74 OK
r-release-linux-x86_64 0.1.6 4.11 63.05 67.16 OK
r-release-macos-arm64 0.1.6 63.00 OK
r-release-macos-x86_64 0.1.6 109.00 OK
r-release-windows-x86_64 0.1.6 9.00 108.00 117.00 OK
r-oldrel-macos-arm64 0.1.6 69.00 OK
r-oldrel-windows-x86_64 0.1.6 9.00 109.00 118.00 OK

Check Details

Version: 0.1.6
Check: Rd files
Result: NOTE checkRd: (-1) association.Rd:82: Lost braces in \itemize; meant \describe ? checkRd: (-1) association.Rd:83: Lost braces in \itemize; meant \describe ? checkRd: (-1) association.Rd:84: Lost braces in \itemize; meant \describe ? checkRd: (-1) association.Rd:88: Lost braces in \itemize; meant \describe ? checkRd: (-1) association.Rd:89: Lost braces in \itemize; meant \describe ? checkRd: (-1) association.Rd:90: Lost braces in \itemize; meant \describe ? checkRd: (-1) association.Rd:95: Lost braces in \itemize; meant \describe ? checkRd: (-1) association.Rd:96: Lost braces in \itemize; meant \describe ? checkRd: (-1) association.Rd:97: Lost braces in \itemize; meant \describe ? Flavors: r-devel-linux-x86_64-debian-clang, r-devel-linux-x86_64-debian-gcc