CRAN Package Check Results for Package mlt

Last updated on 2024-06-13 16:49:14 CEST.

Flavor Version Tinstall Tcheck Ttotal Status Flags
r-devel-linux-x86_64-debian-clang 1.5-1 12.25 132.49 144.74 OK
r-devel-linux-x86_64-debian-gcc 1.5-1 0.39 1.75 2.14 ERROR
r-devel-linux-x86_64-fedora-clang 1.5-1 198.57 OK
r-devel-linux-x86_64-fedora-gcc 1.5-1 185.74 OK
r-devel-windows-x86_64 1.5-1 14.00 118.00 132.00 OK
r-patched-linux-x86_64 1.5-1 8.37 139.44 147.81 OK
r-release-linux-x86_64 1.5-1 8.18 138.04 146.22 OK
r-release-macos-arm64 1.5-1 60.00 OK
r-release-macos-x86_64 1.5-1 85.00 OK
r-release-windows-x86_64 1.5-1 13.00 120.00 133.00 OK
r-oldrel-macos-arm64 1.5-1 63.00 OK
r-oldrel-macos-x86_64 1.5-1 129.00 OK
r-oldrel-windows-x86_64 1.5-1 17.00 169.00 186.00 OK

Check Details

Version: 1.5-1
Check: package dependencies
Result: ERROR Package required but not available: ‘nloptr’ See section ‘The DESCRIPTION file’ in the ‘Writing R Extensions’ manual. Flavor: r-devel-linux-x86_64-debian-gcc