Last updated on 2023-06-10 04:55:52 CEST.
Flavor | Version | Tinstall | Tcheck | Ttotal | Status | Flags |
---|---|---|---|---|---|---|
r-devel-linux-x86_64-debian-clang | 0.5.0 | 5.96 | 381.80 | 387.76 | NOTE | |
r-devel-linux-x86_64-debian-gcc | 0.5.0 | 4.38 | 297.26 | 301.64 | NOTE | |
r-devel-linux-x86_64-fedora-clang | 0.5.0 | 466.68 | NOTE | |||
r-devel-linux-x86_64-fedora-gcc | 0.5.0 | 465.82 | NOTE | |||
r-devel-windows-x86_64 | 0.5.0 | 6.00 | 293.00 | 299.00 | NOTE | |
r-patched-linux-x86_64 | 0.5.0 | 5.52 | 371.73 | 377.25 | NOTE | |
r-release-linux-x86_64 | 0.5.0 | 3.59 | 364.44 | 368.03 | NOTE | |
r-release-macos-arm64 | 0.5.0 | 144.00 | NOTE | |||
r-release-macos-x86_64 | 0.5.0 | 255.00 | NOTE | |||
r-release-windows-x86_64 | 0.5.0 | 7.00 | 409.00 | 416.00 | NOTE | |
r-oldrel-macos-arm64 | 0.5.0 | 311.00 | NOTE | |||
r-oldrel-macos-x86_64 | 0.5.0 | 477.00 | NOTE | |||
r-oldrel-windows-x86_64 | 0.5.0 | 8.00 | 413.00 | 421.00 | NOTE |
Version: 0.5.0
Check: package subdirectories
Result: NOTE
Problems with news in ‘NEWS.md’:
No news entries found.
Flavors: r-devel-linux-x86_64-debian-clang, r-devel-linux-x86_64-debian-gcc, r-devel-linux-x86_64-fedora-clang, r-devel-linux-x86_64-fedora-gcc, r-devel-windows-x86_64, r-patched-linux-x86_64, r-release-linux-x86_64, r-release-macos-arm64, r-release-macos-x86_64, r-release-windows-x86_64
Version: 0.5.0
Check: LazyData
Result: NOTE
'LazyData' is specified without a 'data' directory
Flavors: r-devel-linux-x86_64-debian-clang, r-devel-linux-x86_64-debian-gcc, r-devel-linux-x86_64-fedora-clang, r-devel-linux-x86_64-fedora-gcc, r-devel-windows-x86_64, r-patched-linux-x86_64, r-release-linux-x86_64, r-release-macos-arm64, r-release-macos-x86_64, r-release-windows-x86_64, r-oldrel-macos-arm64, r-oldrel-macos-x86_64, r-oldrel-windows-x86_64