CRAN Package Check Results for Package mlr

Last updated on 2020-07-11 03:47:09 CEST.

Flavor Version Tinstall Tcheck Ttotal Status Flags
r-devel-linux-x86_64-debian-clang 2.17.1 38.35 247.68 286.03 OK
r-devel-linux-x86_64-debian-gcc 2.17.1 32.11 184.44 216.55 OK
r-devel-linux-x86_64-fedora-clang 2.17.1 363.64 NOTE
r-devel-linux-x86_64-fedora-gcc 2.17.1 337.61 OK
r-devel-windows-ix86+x86_64 2.17.1 62.00 463.00 525.00 OK
r-patched-linux-x86_64 2.17.1 37.72 239.98 277.70 OK
r-patched-solaris-x86 2.17.1 443.40 NOTE
r-release-linux-x86_64 2.17.1 38.11 242.96 281.07 OK
r-release-osx-x86_64 2.17.1 NOTE
r-release-windows-ix86+x86_64 2.17.1 61.00 355.00 416.00 OK
r-oldrel-osx-x86_64 2.17.1 NOTE
r-oldrel-windows-ix86+x86_64 2.17.1 83.00 331.00 414.00 OK

Check Details

Version: 2.17.1
Check: installed package size
Result: NOTE
     installed size is 5.0Mb
     sub-directories of 1Mb or more:
     R 1.5Mb
     data 2.3Mb
Flavors: r-devel-linux-x86_64-fedora-clang, r-patched-solaris-x86, r-release-osx-x86_64, r-oldrel-osx-x86_64

Version: 2.17.1
Check: package dependencies
Result: NOTE
    Packages suggested but not available for checking: 'FSelector', 'RWeka'
Flavor: r-patched-solaris-x86