CRAN Package Check Results for Package mle.tools

Last updated on 2024-02-26 04:49:32 CET.

Flavor Version Tinstall Tcheck Ttotal Status Flags
r-devel-linux-x86_64-debian-clang 1.0.0 2.21 38.00 40.21 NOTE
r-devel-linux-x86_64-debian-gcc 1.0.0 1.72 28.25 29.97 NOTE
r-devel-linux-x86_64-fedora-clang 1.0.0 48.65 NOTE
r-devel-linux-x86_64-fedora-gcc 1.0.0 46.54 NOTE
r-devel-windows-x86_64 1.0.0 3.00 47.00 50.00 NOTE
r-patched-linux-x86_64 1.0.0 2.26 37.08 39.34 NOTE
r-release-linux-x86_64 1.0.0 1.93 36.76 38.69 NOTE
r-release-macos-arm64 1.0.0 18.00 NOTE
r-release-macos-x86_64 1.0.0 27.00 NOTE
r-release-windows-x86_64 1.0.0 3.00 53.00 56.00 NOTE
r-oldrel-macos-arm64 1.0.0 20.00 OK
r-oldrel-windows-x86_64 1.0.0 3.00 63.00 66.00 OK

Check Details

Version: 1.0.0
Check: package subdirectories
Result: NOTE Problems with news in ‘NEWS.md’: No news entries found. Flavors: r-devel-linux-x86_64-debian-clang, r-devel-linux-x86_64-debian-gcc, r-devel-linux-x86_64-fedora-clang, r-devel-linux-x86_64-fedora-gcc, r-devel-windows-x86_64, r-patched-linux-x86_64, r-release-linux-x86_64, r-release-macos-arm64, r-release-macos-x86_64, r-release-windows-x86_64