Last updated on 2023-11-29 04:57:28 CET.
Flavor | Version | Tinstall | Tcheck | Ttotal | Status | Flags |
---|---|---|---|---|---|---|
r-devel-linux-x86_64-debian-clang | 0.5.1 | 20.07 | 158.64 | 178.71 | NOTE | |
r-devel-linux-x86_64-debian-gcc | 0.5.1 | 18.06 | 115.35 | 133.41 | NOTE | |
r-devel-linux-x86_64-fedora-clang | 0.5.1 | 226.81 | NOTE | |||
r-devel-linux-x86_64-fedora-gcc | 0.5.1 | 203.04 | NOTE | |||
r-devel-windows-x86_64 | 0.5.1 | 20.00 | 122.00 | 142.00 | NOTE | |
r-patched-linux-x86_64 | 0.5.1 | 14.19 | 146.79 | 160.98 | OK | |
r-release-linux-x86_64 | 0.5.1 | 16.17 | 143.58 | 159.75 | OK | |
r-release-macos-arm64 | 0.5.1 | 59.00 | OK | |||
r-release-macos-x86_64 | 0.5.1 | 144.00 | OK | |||
r-release-windows-x86_64 | 0.5.1 | 25.00 | 146.00 | 171.00 | OK | |
r-oldrel-macos-arm64 | 0.5.1 | 57.00 | OK | |||
r-oldrel-macos-x86_64 | 0.5.1 | 79.00 | OK | |||
r-oldrel-windows-x86_64 | 0.5.1 | 26.00 | 151.00 | 177.00 | OK |
Version: 0.5.1
Check: Rd contents
Result: NOTE
Argument items with no description in Rd file 'mlVARsim0.Rd':
‘nPerson’ ‘nNode’ ‘nTime’ ‘sparsity’ ‘parRange’ ‘propPositive’
‘diagPositive’ ‘diagIncluded’ ‘sdRange’ ‘shrinkFactor’
‘residualStyle’ ‘residualShared’ ‘residualSDrange’ ‘verbose’
Flavors: r-devel-linux-x86_64-debian-clang, r-devel-linux-x86_64-debian-gcc, r-devel-linux-x86_64-fedora-clang, r-devel-linux-x86_64-fedora-gcc, r-devel-windows-x86_64