Last updated on 2023-12-10 16:51:19 CET.
Flavor | Version | Tinstall | Tcheck | Ttotal | Status | Flags |
---|---|---|---|---|---|---|
r-devel-linux-x86_64-debian-clang | 0.2.0 | 40.79 | 257.58 | 298.37 | NOTE | |
r-devel-linux-x86_64-debian-gcc | 0.2.0 | 26.70 | 183.76 | 210.46 | NOTE | |
r-devel-linux-x86_64-fedora-clang | 0.2.0 | 392.90 | OK | |||
r-devel-linux-x86_64-fedora-gcc | 0.2.0 | 388.91 | OK | |||
r-devel-windows-x86_64 | 0.2.0 | 30.00 | 479.00 | 509.00 | OK | |
r-patched-linux-x86_64 | 0.2.0 | 35.10 | 245.37 | 280.47 | OK | |
r-release-linux-x86_64 | 0.2.0 | 30.62 | 247.81 | 278.43 | OK | |
r-release-macos-arm64 | 0.2.0 | 131.00 | OK | |||
r-release-macos-x86_64 | 0.2.0 | 189.00 | OK | |||
r-release-windows-x86_64 | 0.2.0 | 40.00 | 446.00 | 486.00 | OK | |
r-oldrel-macos-arm64 | 0.2.0 | 118.00 | OK | |||
r-oldrel-macos-x86_64 | 0.2.0 | 168.00 | OK | |||
r-oldrel-windows-x86_64 | 0.2.0 | 34.00 | 453.00 | 487.00 | OK |
Version: 0.2.0
Check: Rd files
Result: NOTE
checkRd: (-1) print.selectEM.Rd:18: Lost braces
18 | The function \code{print.selectEM} is the print method for the class{selectEM}, which is the output
| ^
Flavors: r-devel-linux-x86_64-debian-clang, r-devel-linux-x86_64-debian-gcc