CRAN Package Check Results for Package mistat

Last updated on 2020-07-02 15:54:03 CEST.

Flavor Version Tinstall Tcheck Ttotal Status Flags
r-devel-linux-x86_64-debian-clang 1.0-5 3.92 54.34 58.26 OK
r-devel-linux-x86_64-debian-gcc 1.0-5 2.97 42.49 45.46 OK
r-devel-linux-x86_64-fedora-clang 1.0-5 77.30 NOTE
r-devel-linux-x86_64-fedora-gcc 1.0-5 69.49 NOTE
r-devel-windows-ix86+x86_64 1.0-5 20.00 80.00 100.00 OK
r-patched-linux-x86_64 1.0-5 3.86 53.94 57.80 OK
r-patched-solaris-x86 1.0-5 105.50 NOTE
r-release-linux-x86_64 1.0-5 3.66 54.08 57.74 OK
r-release-osx-x86_64 1.0-5 NOTE
r-release-windows-ix86+x86_64 1.0-5 8.00 115.00 123.00 OK
r-oldrel-osx-x86_64 1.0-5 NOTE
r-oldrel-windows-ix86+x86_64 1.0-5 9.00 107.00 116.00 OK

Check Details

Version: 1.0-5
Check: dependencies in R code
Result: NOTE
    Namespace in Imports field not imported from: ‘grDevices’
     All declared Imports should be used.
Flavors: r-devel-linux-x86_64-fedora-clang, r-devel-linux-x86_64-fedora-gcc, r-patched-solaris-x86, r-release-osx-x86_64, r-oldrel-osx-x86_64