CRAN Package Check Results for Package minval

Last updated on 2020-10-29 15:51:10 CET.

Flavor Version Tinstall Tcheck Ttotal Status Flags
r-devel-linux-x86_64-debian-clang 0.8-1 3.41 76.11 79.52 NOTE
r-devel-linux-x86_64-debian-gcc 0.8-1 2.43 55.28 57.71 NOTE
r-devel-linux-x86_64-fedora-clang 0.8-1 103.10 NOTE
r-devel-linux-x86_64-fedora-gcc 0.8-1 92.73 NOTE
r-devel-windows-ix86+x86_64 0.8-1 7.00 103.00 110.00 OK
r-patched-linux-x86_64 0.8-1 3.22 72.67 75.89 NOTE
r-patched-solaris-x86 0.8-1 132.20 NOTE
r-release-linux-x86_64 0.8-1 3.77 72.88 76.65 NOTE
r-release-macos-x86_64 0.8-1 OK
r-release-windows-ix86+x86_64 0.8-1 6.00 112.00 118.00 OK
r-oldrel-macos-x86_64 0.8-1 OK
r-oldrel-windows-ix86+x86_64 0.8-1 29.00 104.00 133.00 OK

Check Details

Version: 0.8-1
Check: for non-standard things in the check directory
Result: NOTE
    Found the following files/directories:
     'glycolysis.xml' 'glycolysis_desc.tsv' 'glycolysis_met.tsv'
     'glycolysis_react.tsv'
Flavors: r-devel-linux-x86_64-debian-clang, r-devel-linux-x86_64-debian-gcc, r-devel-linux-x86_64-fedora-clang, r-devel-linux-x86_64-fedora-gcc, r-patched-linux-x86_64, r-patched-solaris-x86, r-release-linux-x86_64