CRAN Package Check Results for Package miniUI

Last updated on 2020-07-13 15:48:35 CEST.

Flavor Version Tinstall Tcheck Ttotal Status Flags
r-devel-linux-x86_64-debian-clang 0.1.1.1 3.13 28.79 31.92 OK
r-devel-linux-x86_64-debian-gcc 0.1.1.1 2.58 23.78 26.36 OK
r-devel-linux-x86_64-fedora-clang 0.1.1.1 47.83 OK
r-devel-linux-x86_64-fedora-gcc 0.1.1.1 40.30 OK
r-devel-windows-ix86+x86_64 0.1.1.1 9.00 62.00 71.00 OK
r-patched-linux-x86_64 0.1.1.1 2.95 28.77 31.72 OK
r-patched-solaris-x86 0.1.1.1 59.10 OK
r-release-linux-x86_64 0.1.1.1 3.24 28.49 31.73 OK
r-release-macos-x86_64 0.1.1.1 ERROR
r-release-windows-ix86+x86_64 0.1.1.1 11.00 42.00 53.00 OK
r-oldrel-macos-x86_64 0.1.1.1 OK
r-oldrel-windows-ix86+x86_64 0.1.1.1 11.00 40.00 51.00 OK

Check Details

Version: 0.1.1.1
Check: whether package can be installed
Result: ERROR
    Installation failed.
Flavor: r-release-macos-x86_64