CRAN Package Check Results for Package miniMeta

Last updated on 2020-08-03 05:48:53 CEST.

Flavor Version Tinstall Tcheck Ttotal Status Flags
r-devel-linux-x86_64-debian-clang 0.2 12.81 88.79 101.60 OK
r-devel-linux-x86_64-debian-gcc 0.2 10.62 73.03 83.65 OK
r-devel-linux-x86_64-fedora-clang 0.2 129.90 NOTE
r-devel-linux-x86_64-fedora-gcc 0.2 121.76 NOTE
r-devel-windows-ix86+x86_64 0.2 33.00 97.00 130.00 OK
r-patched-linux-x86_64 0.2 11.98 88.13 100.11 OK
r-patched-solaris-x86 0.2 172.50 NOTE
r-release-linux-x86_64 0.2 11.45 88.69 100.14 OK
r-release-macos-x86_64 0.2 NOTE
r-release-windows-ix86+x86_64 0.2 40.00 144.00 184.00 OK
r-oldrel-macos-x86_64 0.2 NOTE
r-oldrel-windows-ix86+x86_64 0.2 17.00 130.00 147.00 OK

Check Details

Version: 0.2
Check: dependencies in R code
Result: NOTE
    Namespaces in Imports field not imported from:
     ‘markdown’ ‘metafor’
     All declared Imports should be used.
Flavors: r-devel-linux-x86_64-fedora-clang, r-devel-linux-x86_64-fedora-gcc, r-patched-solaris-x86, r-release-macos-x86_64, r-oldrel-macos-x86_64