CRAN Package Check Results for Package mifa

Last updated on 2024-02-26 04:49:32 CET.

Flavor Version Tinstall Tcheck Ttotal Status Flags
r-devel-linux-x86_64-debian-clang 0.2.0 2.87 74.96 77.83 NOTE
r-devel-linux-x86_64-debian-gcc 0.2.0 2.28 55.23 57.51 NOTE
r-devel-linux-x86_64-fedora-clang 0.2.0 92.06 NOTE
r-devel-linux-x86_64-fedora-gcc 0.2.0 88.64 NOTE
r-devel-windows-x86_64 0.2.0 4.00 82.00 86.00 NOTE
r-patched-linux-x86_64 0.2.0 9.10 71.65 80.75 NOTE
r-release-linux-x86_64 0.2.0 2.88 70.74 73.62 NOTE
r-release-macos-arm64 0.2.0 39.00 NOTE
r-release-macos-x86_64 0.2.0 60.00 NOTE
r-release-windows-x86_64 0.2.0 5.00 88.00 93.00 NOTE
r-oldrel-macos-arm64 0.2.0 37.00 NOTE
r-oldrel-windows-x86_64 0.2.0 5.00 93.00 98.00 NOTE

Check Details

Version: 0.2.0
Check: LazyData
Result: NOTE 'LazyData' is specified without a 'data' directory Flavors: r-devel-linux-x86_64-debian-clang, r-devel-linux-x86_64-debian-gcc, r-devel-linux-x86_64-fedora-clang, r-devel-linux-x86_64-fedora-gcc, r-devel-windows-x86_64, r-patched-linux-x86_64, r-release-linux-x86_64, r-release-macos-arm64, r-release-macos-x86_64, r-release-windows-x86_64, r-oldrel-macos-arm64, r-oldrel-windows-x86_64