CRAN Package Check Results for Package midasml

Last updated on 2024-02-23 16:53:23 CET.

Flavor Version Tinstall Tcheck Ttotal Status Flags
r-devel-linux-x86_64-debian-clang 0.1.10 OK
r-devel-linux-x86_64-debian-gcc 0.1.10 11.21 72.54 83.75 OK
r-devel-linux-x86_64-fedora-clang 0.1.10 135.62 NOTE
r-devel-linux-x86_64-fedora-gcc 0.1.10 131.43 OK
r-devel-windows-x86_64 0.1.10 16.00 96.00 112.00 OK
r-patched-linux-x86_64 0.1.10 16.18 89.90 106.08 OK
r-release-linux-x86_64 0.1.10 13.96 94.89 108.85 OK
r-release-macos-arm64 0.1.10 46.00 OK
r-release-macos-x86_64 0.1.10 72.00 OK
r-release-windows-x86_64 0.1.10 19.00 113.00 132.00 OK
r-oldrel-macos-arm64 0.1.10 40.00 OK
r-oldrel-windows-x86_64 0.1.10 18.00 109.00 127.00 OK

Check Details

Version: 0.1.10
Check: installed package size
Result: NOTE installed size is 8.2Mb sub-directories of 1Mb or more: libs 7.3Mb Flavor: r-devel-linux-x86_64-fedora-clang