CRAN Package Check Results for Package michelRodange

Last updated on 2020-08-13 15:51:11 CEST.

Flavor Version Tinstall Tcheck Ttotal Status Flags
r-devel-linux-x86_64-debian-clang 1.0.0 1.75 19.58 21.33 OK
r-devel-linux-x86_64-debian-gcc 1.0.0 1.48 16.13 17.61 OK
r-devel-linux-x86_64-fedora-clang 1.0.0 34.96 NOTE
r-devel-linux-x86_64-fedora-gcc 1.0.0 26.19 NOTE
r-devel-windows-ix86+x86_64 1.0.0 9.00 36.00 45.00 OK
r-patched-linux-x86_64 1.0.0 1.66 19.73 21.39 OK
r-patched-solaris-x86 1.0.0 40.90 NOTE
r-release-linux-x86_64 1.0.0 1.70 19.83 21.53 OK
r-release-macos-x86_64 1.0.0 NOTE
r-release-windows-ix86+x86_64 1.0.0 8.00 31.00 39.00 OK
r-oldrel-macos-x86_64 1.0.0 NOTE
r-oldrel-windows-ix86+x86_64 1.0.0 5.00 32.00 37.00 OK

Check Details

Version: 1.0.0
Check: data for non-ASCII characters
Result: NOTE
     Note: found 9345 marked UTF-8 strings
Flavors: r-devel-linux-x86_64-fedora-clang, r-devel-linux-x86_64-fedora-gcc, r-patched-solaris-x86, r-release-macos-x86_64, r-oldrel-macos-x86_64