Last updated on 2023-12-07 16:49:37 CET.
Flavor | Version | Tinstall | Tcheck | Ttotal | Status | Flags |
---|---|---|---|---|---|---|
r-devel-linux-x86_64-debian-clang | 1.1 | 27.50 | 150.75 | 178.25 | NOTE | |
r-devel-linux-x86_64-debian-gcc | 1.1 | 20.40 | 114.76 | 135.16 | NOTE | |
r-devel-linux-x86_64-fedora-clang | 1.1 | 226.43 | OK | |||
r-devel-linux-x86_64-fedora-gcc | 1.1 | 256.10 | OK | |||
r-devel-windows-x86_64 | 1.1 | 26.00 | 137.00 | 163.00 | OK | |
r-patched-linux-x86_64 | 1.1 | 31.21 | 149.84 | 181.05 | OK | |
r-release-linux-x86_64 | 1.1 | 20.36 | 147.99 | 168.35 | OK | |
r-release-macos-arm64 | 1.1 | 95.00 | OK | |||
r-release-macos-x86_64 | 1.1 | 150.00 | OK | |||
r-release-windows-x86_64 | 1.1 | 31.00 | 164.00 | 195.00 | OK | |
r-oldrel-macos-arm64 | 1.1 | 85.00 | OK | |||
r-oldrel-macos-x86_64 | 1.1 | 102.00 | OK | |||
r-oldrel-windows-x86_64 | 1.1 | 31.00 | 160.00 | 191.00 | OK |
Version: 1.1
Check: Rd files
Result: NOTE
checkRd: (-1) rdata.frame.Rd:132: Lost braces in \enumerate; \value handles \item{}{} directly
checkRd: (-1) rdata.frame.Rd:133-134: Lost braces in \enumerate; \value handles \item{}{} directly
checkRd: (-1) rdata.frame.Rd:135-137: Lost braces in \enumerate; \value handles \item{}{} directly
checkRd: (-1) rdata.frame.Rd:138-139: Lost braces in \enumerate; \value handles \item{}{} directly
checkRd: (-1) rdata.frame.Rd:144: Lost braces in \enumerate; \value handles \item{}{} directly
checkRd: (-1) rdata.frame.Rd:145-147: Lost braces in \enumerate; \value handles \item{}{} directly
checkRd: (-1) rdata.frame.Rd:148-150: Lost braces in \enumerate; \value handles \item{}{} directly
Flavors: r-devel-linux-x86_64-debian-clang, r-devel-linux-x86_64-debian-gcc