CRAN Package Check Results for Package mi

Last updated on 2024-07-21 16:52:16 CEST.

Flavor Version Tinstall Tcheck Ttotal Status Flags
r-devel-linux-x86_64-debian-clang 1.1 25.10 147.62 172.72 NOTE
r-devel-linux-x86_64-debian-gcc 1.1 22.97 118.00 140.97 NOTE
r-devel-linux-x86_64-fedora-clang 1.1 249.27 NOTE
r-devel-linux-x86_64-fedora-gcc 1.1 235.40 NOTE
r-devel-windows-x86_64 1.1 24.00 133.00 157.00 NOTE
r-patched-linux-x86_64 1.1 30.99 150.63 181.62 NOTE
r-release-linux-x86_64 1.1 25.69 151.28 176.97 NOTE
r-release-macos-arm64 1.1 85.00 NOTE
r-release-macos-x86_64 1.1 128.00 NOTE
r-release-windows-x86_64 1.1 24.00 133.00 157.00 NOTE
r-oldrel-macos-arm64 1.1 95.00 OK
r-oldrel-macos-x86_64 1.1 150.00 OK
r-oldrel-windows-x86_64 1.1 33.00 162.00 195.00 OK

Check Details

Version: 1.1
Check: Rd files
Result: NOTE checkRd: (-1) rdata.frame.Rd:132: Lost braces in \enumerate; \value handles \item{}{} directly checkRd: (-1) rdata.frame.Rd:133-134: Lost braces in \enumerate; \value handles \item{}{} directly checkRd: (-1) rdata.frame.Rd:135-137: Lost braces in \enumerate; \value handles \item{}{} directly checkRd: (-1) rdata.frame.Rd:138-139: Lost braces in \enumerate; \value handles \item{}{} directly checkRd: (-1) rdata.frame.Rd:144: Lost braces in \enumerate; \value handles \item{}{} directly checkRd: (-1) rdata.frame.Rd:145-147: Lost braces in \enumerate; \value handles \item{}{} directly checkRd: (-1) rdata.frame.Rd:148-150: Lost braces in \enumerate; \value handles \item{}{} directly Flavors: r-devel-linux-x86_64-debian-clang, r-devel-linux-x86_64-debian-gcc, r-devel-linux-x86_64-fedora-clang, r-devel-linux-x86_64-fedora-gcc, r-devel-windows-x86_64, r-patched-linux-x86_64, r-release-linux-x86_64, r-release-macos-arm64, r-release-macos-x86_64, r-release-windows-x86_64

Version: 1.1
Check: Rd cross-references
Result: NOTE Found the following Rd file(s) with Rd \link{} targets missing package anchors: 02missing_data.frame.Rd: bayesglm get_parameters.Rd: polr mi2stata.Rd: write.dta Please provide package anchors for all Rd \link{} targets not in the package itself and the base packages. Flavors: r-devel-linux-x86_64-debian-gcc, r-devel-windows-x86_64