Last updated on 2023-09-22 05:05:27 CEST.
Flavor | Version | Tinstall | Tcheck | Ttotal | Status | Flags |
---|---|---|---|---|---|---|
r-devel-linux-x86_64-debian-clang | 1.9-0 | 109.35 | 509.83 | 619.18 | OK | |
r-devel-linux-x86_64-debian-gcc | 1.9-0 | 82.48 | 375.08 | 457.56 | OK | |
r-devel-linux-x86_64-fedora-clang | 1.9-0 | 765.84 | OK | |||
r-devel-linux-x86_64-fedora-gcc | 1.9-0 | 748.12 | OK | |||
r-devel-windows-x86_64 | 1.9-0 | 88.00 | 393.00 | 481.00 | OK | |
r-patched-linux-x86_64 | 1.9-0 | 109.88 | 493.52 | 603.40 | OK | |
r-release-linux-x86_64 | 1.9-0 | 117.40 | 518.57 | 635.97 | OK | |
r-release-macos-arm64 | 1.9-0 | 170.00 | OK | |||
r-release-macos-x86_64 | 1.9-0 | 370.00 | NOTE | |||
r-release-windows-x86_64 | 1.9-0 | 117.00 | 484.00 | 601.00 | OK | |
r-oldrel-macos-arm64 | 1.9-0 | 166.00 | OK | |||
r-oldrel-macos-x86_64 | 1.9-0 | 240.00 | OK | |||
r-oldrel-windows-x86_64 | 1.9-0 | 113.00 | 445.00 | 558.00 | OK |
Version: 1.9-0
Check: installed package size
Result: NOTE
installed size is 5.3Mb
sub-directories of 1Mb or more:
R 2.0Mb
libs 2.1Mb
Flavor: r-release-macos-x86_64