CRAN Package Check Results for Package mgcv

Last updated on 2020-07-13 15:48:35 CEST.

Flavor Version Tinstall Tcheck Ttotal Status Flags
r-devel-linux-x86_64-debian-clang 1.8-31 84.69 538.79 623.48 OK
r-devel-linux-x86_64-debian-gcc 1.8-31 66.70 402.88 469.58 OK
r-devel-linux-x86_64-fedora-clang 1.8-31 752.12 NOTE
r-devel-linux-x86_64-fedora-gcc 1.8-31 751.36 OK
r-devel-windows-ix86+x86_64 1.8-31 127.00 991.00 1118.00 OK
r-patched-linux-x86_64 1.8-31 71.72 526.54 598.26 OK
r-patched-solaris-x86 1.8-31 OK
r-release-linux-x86_64 1.8-31 71.63 524.17 595.80 OK
r-release-macos-x86_64 1.8-31 ERROR
r-release-windows-ix86+x86_64 1.8-31 149.00 797.00 946.00 OK
r-oldrel-macos-x86_64 1.8-31 OK
r-oldrel-windows-ix86+x86_64 1.8-31 140.00 826.00 966.00 OK

Additional issues

MKL

Check Details

Version: 1.8-31
Check: Rd cross-references
Result: NOTE
    Undeclared package ‘gam’ in Rd xrefs
Flavor: r-devel-linux-x86_64-fedora-clang

Version: 1.8-31
Check: whether package can be installed
Result: ERROR
    Installation failed.
Flavor: r-release-macos-x86_64