CRAN Package Check Results for Package mgc

Last updated on 2024-02-23 16:53:23 CET.

Flavor Version Tinstall Tcheck Ttotal Status Flags
r-devel-linux-x86_64-debian-clang 2.0.2 NOTE
r-devel-linux-x86_64-debian-gcc 2.0.2 27.50 370.12 397.62 NOTE
r-devel-linux-x86_64-fedora-clang 2.0.2 648.19 NOTE
r-devel-linux-x86_64-fedora-gcc 2.0.2 643.18 NOTE
r-devel-windows-x86_64 2.0.2 27.00 349.00 376.00 NOTE
r-patched-linux-x86_64 2.0.2 27.04 484.80 511.84 NOTE
r-release-linux-x86_64 2.0.2 26.42 494.19 520.61 NOTE
r-release-macos-arm64 2.0.2 176.00 NOTE
r-release-macos-x86_64 2.0.2 291.00 NOTE
r-release-windows-x86_64 2.0.2 36.00 427.00 463.00 NOTE
r-oldrel-macos-arm64 2.0.2 118.00 NOTE
r-oldrel-windows-x86_64 2.0.2 36.00 419.00 455.00 NOTE

Check Details

Version: 2.0.2
Check: LazyData
Result: NOTE 'LazyData' is specified without a 'data' directory Flavors: r-devel-linux-x86_64-debian-clang, r-devel-linux-x86_64-debian-gcc, r-devel-linux-x86_64-fedora-clang, r-devel-linux-x86_64-fedora-gcc, r-devel-windows-x86_64, r-patched-linux-x86_64, r-release-linux-x86_64, r-release-macos-arm64, r-release-macos-x86_64, r-release-windows-x86_64, r-oldrel-macos-arm64, r-oldrel-windows-x86_64

Version: 2.0.2
Check: dependencies in R code
Result: NOTE Namespaces in Imports field not imported from: ‘boot’ ‘energy’ All declared Imports should be used. Flavors: r-devel-linux-x86_64-fedora-clang, r-devel-linux-x86_64-fedora-gcc, r-oldrel-macos-arm64