CRAN Package Check Results for Package mfe

Last updated on 2020-08-03 05:48:53 CEST.

Flavor Version Tinstall Tcheck Ttotal Status Flags
r-devel-linux-x86_64-debian-clang 0.1.5 3.75 83.17 86.92 OK
r-devel-linux-x86_64-debian-gcc 0.1.5 2.89 65.26 68.15 OK
r-devel-linux-x86_64-fedora-clang 0.1.5 108.21 NOTE
r-devel-linux-x86_64-fedora-gcc 0.1.5 101.39 NOTE
r-devel-windows-ix86+x86_64 0.1.5 11.00 85.00 96.00 OK
r-patched-linux-x86_64 0.1.5 3.47 79.58 83.05 OK
r-patched-solaris-x86 0.1.5 131.20 NOTE
r-release-linux-x86_64 0.1.5 4.43 80.01 84.44 OK
r-release-macos-x86_64 0.1.5 NOTE
r-release-windows-ix86+x86_64 0.1.5 11.00 122.00 133.00 OK
r-oldrel-macos-x86_64 0.1.5 NOTE
r-oldrel-windows-ix86+x86_64 0.1.5 7.00 90.00 97.00 OK

Check Details

Version: 0.1.5
Check: dependencies in R code
Result: NOTE
    Namespace in Imports field not imported from: ‘ECoL’
     All declared Imports should be used.
Flavors: r-devel-linux-x86_64-fedora-clang, r-devel-linux-x86_64-fedora-gcc, r-patched-solaris-x86, r-release-macos-x86_64, r-oldrel-macos-x86_64