Last updated on 2023-12-08 05:02:09 CET.
Flavor | Version | Tinstall | Tcheck | Ttotal | Status | Flags |
---|---|---|---|---|---|---|
r-devel-linux-x86_64-debian-clang | 1.3.2 | 383.07 | 531.53 | 914.60 | WARN | |
r-devel-linux-x86_64-debian-gcc | 1.3.3 | 286.29 | 408.41 | 694.70 | OK | |
r-devel-linux-x86_64-fedora-clang | 1.3.3 | 1142.69 | NOTE | |||
r-devel-linux-x86_64-fedora-gcc | 1.3.3 | 1193.25 | OK | |||
r-devel-windows-x86_64 | 1.3.3 | 225.00 | 382.00 | 607.00 | NOTE | |
r-patched-linux-x86_64 | 1.3.3 | 318.26 | 528.49 | 846.75 | OK | |
r-release-linux-x86_64 | 1.3.2 | 317.63 | 499.73 | 817.36 | NOTE | |
r-release-macos-arm64 | 1.3.3 | 290.00 | NOTE | |||
r-release-macos-x86_64 | 1.3.3 | 495.00 | NOTE | |||
r-release-windows-x86_64 | 1.3.3 | 231.00 | 419.00 | 650.00 | NOTE | |
r-oldrel-macos-arm64 | 1.3.3 | 285.00 | NOTE | |||
r-oldrel-macos-x86_64 | 1.3.2 | 355.00 | NOTE | |||
r-oldrel-windows-x86_64 | 1.3.2 | 339.00 | 519.00 | 858.00 | NOTE |
Version: 1.3.2
Check: whether package can be installed
Result: WARN
Found the following significant warnings:
RcppExports.cpp:90:18: warning: format string is not a string literal (potentially insecure) [-Wformat-security]
RcppExports.cpp:126:18: warning: format string is not a string literal (potentially insecure) [-Wformat-security]
RcppExports.cpp:162:18: warning: format string is not a string literal (potentially insecure) [-Wformat-security]
RcppExports.cpp:198:18: warning: format string is not a string literal (potentially insecure) [-Wformat-security]
RcppExports.cpp:234:18: warning: format string is not a string literal (potentially insecure) [-Wformat-security]
See ‘/home/hornik/tmp/R.check/r-devel-clang/Work/PKGS/mets.Rcheck/00install.out’ for details.
* used C compiler: ‘Debian clang version 17.0.5 (1)’
* used Fortran compiler: ‘Debian flang-new version 17.0.5 (1)’
* used C++ compiler: ‘Debian clang version 17.0.5 (1)’
Flavor: r-devel-linux-x86_64-debian-clang
Version: 1.3.2
Check: C++ specification
Result: NOTE
Specified C++11: please drop specification unless essential
Flavors: r-devel-linux-x86_64-debian-clang, r-release-linux-x86_64
Version: 1.3.3
Check: installed package size
Result: NOTE
installed size is 8.5Mb
sub-directories of 1Mb or more:
R 1.7Mb
doc 2.8Mb
libs 2.1Mb
Flavors: r-devel-linux-x86_64-fedora-clang, r-devel-windows-x86_64, r-release-macos-arm64, r-release-macos-x86_64, r-release-windows-x86_64, r-oldrel-macos-arm64
Version: 1.3.2
Check: installed package size
Result: NOTE
installed size is 26.2Mb
sub-directories of 1Mb or more:
R 1.7Mb
doc 2.6Mb
libs 20.1Mb
Flavors: r-oldrel-macos-x86_64, r-oldrel-windows-x86_64