CRAN Package Check Results for Package meteorits

Last updated on 2024-02-29 04:54:20 CET.

Flavor Version Tinstall Tcheck Ttotal Status Flags
r-devel-linux-x86_64-debian-clang 0.1.1 60.06 311.75 371.81 NOTE
r-devel-linux-x86_64-debian-gcc 0.1.1 38.95 197.18 236.13 NOTE
r-devel-linux-x86_64-fedora-clang 0.1.1 430.10 NOTE
r-devel-linux-x86_64-fedora-gcc 0.1.1 420.12 NOTE
r-devel-windows-x86_64 0.1.1 43.00 212.00 255.00 NOTE
r-patched-linux-x86_64 0.1.1 51.28 225.60 276.88 NOTE
r-release-linux-x86_64 0.1.1 55.75 213.07 268.82 NOTE
r-release-macos-arm64 0.1.1 107.00 NOTE
r-release-macos-x86_64 0.1.1 167.00 NOTE
r-release-windows-x86_64 0.1.1 56.00 392.00 448.00 NOTE
r-oldrel-macos-arm64 0.1.1 134.00 NOTE
r-oldrel-windows-x86_64 0.1.1 57.00 241.00 298.00 NOTE

Check Details

Version: 0.1.1
Check: C++ specification
Result: NOTE Specified C++11: please drop specification unless essential Flavors: r-devel-linux-x86_64-debian-clang, r-devel-linux-x86_64-debian-gcc, r-devel-linux-x86_64-fedora-clang, r-devel-linux-x86_64-fedora-gcc, r-devel-windows-x86_64, r-patched-linux-x86_64, r-release-linux-x86_64, r-release-macos-arm64, r-release-macos-x86_64, r-release-windows-x86_64

Version: 0.1.1
Check: installed package size
Result: NOTE installed size is 5.9Mb sub-directories of 1Mb or more: doc 2.3Mb help 2.0Mb libs 1.2Mb Flavors: r-devel-windows-x86_64, r-release-macos-arm64, r-release-macos-x86_64, r-release-windows-x86_64, r-oldrel-macos-arm64, r-oldrel-windows-x86_64