CRAN Package Check Results for Package meteorits

Last updated on 2020-08-04 03:47:56 CEST.

Flavor Version Tinstall Tcheck Ttotal Status Flags
r-devel-linux-x86_64-debian-clang 0.1.1 49.92 408.06 457.98 OK
r-devel-linux-x86_64-debian-gcc 0.1.1 41.43 142.68 184.11 OK
r-devel-linux-x86_64-fedora-clang 0.1.1 411.53 NOTE
r-devel-linux-x86_64-fedora-gcc 0.1.1 367.04 OK
r-devel-windows-ix86+x86_64 0.1.1 134.00 274.00 408.00 NOTE
r-patched-linux-x86_64 0.1.1 43.72 242.55 286.27 OK
r-patched-solaris-x86 0.1.1 341.20 NOTE
r-release-linux-x86_64 0.1.1 43.12 244.86 287.98 OK
r-release-macos-x86_64 0.1.1 NOTE
r-release-windows-ix86+x86_64 0.1.1 138.00 351.00 489.00 NOTE
r-oldrel-macos-x86_64 0.1.1 NOTE
r-oldrel-windows-ix86+x86_64 0.1.1 79.00 350.00 429.00 NOTE

Check Details

Version: 0.1.1
Check: installed package size
Result: NOTE
     installed size is 7.3Mb
     sub-directories of 1Mb or more:
     doc 2.3Mb
     help 2.0Mb
     libs 2.6Mb
Flavors: r-devel-linux-x86_64-fedora-clang, r-devel-windows-ix86+x86_64, r-patched-solaris-x86, r-release-macos-x86_64, r-release-windows-ix86+x86_64, r-oldrel-macos-x86_64, r-oldrel-windows-ix86+x86_64