Last updated on 2023-12-01 04:54:01 CET.
Flavor | Version | Tinstall | Tcheck | Ttotal | Status | Flags |
---|---|---|---|---|---|---|
r-devel-linux-x86_64-debian-clang | 2.1.0 | 107.37 | 533.72 | 641.09 | WARN | |
r-devel-linux-x86_64-debian-gcc | 2.2.1 | 68.25 | 413.23 | 481.48 | OK | |
r-devel-linux-x86_64-fedora-clang | 2.2.1 | 796.23 | NOTE | |||
r-devel-linux-x86_64-fedora-gcc | 2.2.1 | 807.68 | NOTE | |||
r-devel-windows-x86_64 | 2.1.0 | 76.00 | 399.00 | 475.00 | OK | |
r-patched-linux-x86_64 | 2.1.0 | 61.61 | 520.95 | 582.56 | OK | |
r-release-linux-x86_64 | 2.1.0 | 59.40 | 518.76 | 578.16 | OK | |
r-release-macos-arm64 | 2.2.1 | 179.00 | OK | |||
r-release-macos-x86_64 | 2.1.0 | 506.00 | OK | |||
r-release-windows-x86_64 | 2.2.1 | 102.00 | 396.00 | 498.00 | OK | |
r-oldrel-macos-arm64 | 2.2.1 | 191.00 | OK | |||
r-oldrel-macos-x86_64 | 2.1.0 | 375.00 | OK | |||
r-oldrel-windows-x86_64 | 2.1.0 | 93.00 | 451.00 | 544.00 | OK |
Version: 2.1.0
Check: whether package can be installed
Result: WARN
Found the following significant warnings:
RcppExports.cpp:261:18: warning: format string is not a string literal (potentially insecure) [-Wformat-security]
RcppExports.cpp:295:18: warning: format string is not a string literal (potentially insecure) [-Wformat-security]
RcppExports.cpp:329:18: warning: format string is not a string literal (potentially insecure) [-Wformat-security]
RcppExports.cpp:363:18: warning: format string is not a string literal (potentially insecure) [-Wformat-security]
RcppExports.cpp:400:18: warning: format string is not a string literal (potentially insecure) [-Wformat-security]
RcppExports.cpp:436:18: warning: format string is not a string literal (potentially insecure) [-Wformat-security]
RcppExports.cpp:473:18: warning: format string is not a string literal (potentially insecure) [-Wformat-security]
RcppExports.cpp:510:18: warning: format string is not a string literal (potentially insecure) [-Wformat-security]
RcppExports.cpp:548:18: warning: format string is not a string literal (potentially insecure) [-Wformat-security]
RcppExports.cpp:591:18: warning: format string is not a string literal (potentially insecure) [-Wformat-security]
RcppExports.cpp:632:18: warning: format string is not a string literal (potentially insecure) [-Wformat-security]
RcppExports.cpp:673:18: warning: format string is not a string literal (potentially insecure) [-Wformat-security]
RcppExports.cpp:709:18: warning: format string is not a string literal (potentially insecure) [-Wformat-security]
RcppExports.cpp:752:18: warning: format string is not a string literal (potentially insecure) [-Wformat-security]
RcppExports.cpp:796:18: warning: format string is not a string literal (potentially insecure) [-Wformat-security]
RcppExports.cpp:833:18: warning: format string is not a string literal (potentially insecure) [-Wformat-security]
RcppExports.cpp:870:18: warning: format string is not a string literal (potentially insecure) [-Wformat-security]
RcppExports.cpp:912:18: warning: format string is not a string literal (potentially insecure) [-Wformat-security]
RcppExports.cpp:954:18: warning: format string is not a string literal (potentially insecure) [-Wformat-security]
RcppExports.cpp:1154:18: warning: format string is not a string literal (potentially insecure) [-Wformat-security]
RcppExports.cpp:1191:18: warning: format string is not a string literal (potentially insecure) [-Wformat-security]
RcppExports.cpp:1225:18: warning: format string is not a string literal (potentially insecure) [-Wformat-security]
RcppExports.cpp:1260:18: warning: format string is not a string literal (potentially insecure) [-Wformat-security]
RcppExports.cpp:1295:18: warning: format string is not a string literal (potentially insecure) [-Wformat-security]
RcppExports.cpp:1329:18: warning: format string is not a string literal (potentially insecure) [-Wformat-security]
RcppExports.cpp:1363:18: warning: format string is not a string literal (potentially insecure) [-Wformat-security]
RcppExports.cpp:1398:18: warning: format string is not a string literal (potentially insecure) [-Wformat-security]
RcppExports.cpp:1432:18: warning: format string is not a string literal (potentially insecure) [-Wformat-security]
RcppExports.cpp:1480:18: warning: format string is not a string literal (potentially insecure) [-Wformat-security]
RcppExports.cpp:1521:18: warning: format string is not a string literal (potentially insecure) [-Wformat-security]
See ‘/home/hornik/tmp/R.check/r-devel-clang/Work/PKGS/meteoland.Rcheck/00install.out’ for details.
* used C++ compiler: ‘Debian clang version 17.0.5 (1)’
Flavor: r-devel-linux-x86_64-debian-clang
Version: 2.2.1
Check: data for non-ASCII characters
Result: NOTE
Note: found 3300 marked UTF-8 strings
Flavors: r-devel-linux-x86_64-fedora-clang, r-devel-linux-x86_64-fedora-gcc