CRAN Package Check Results for Package meteo

Last updated on 2023-01-30 04:52:27 CET.

Flavor Version Tinstall Tcheck Ttotal Status Flags
r-devel-linux-x86_64-debian-clang 0.1-5 31.89 310.71 342.60 NOTE
r-devel-linux-x86_64-debian-gcc 0.1-5 26.50 230.51 257.01 NOTE
r-devel-linux-x86_64-fedora-clang 0.1-5 429.36 NOTE
r-devel-linux-x86_64-fedora-gcc 0.1-5 430.81 NOTE
r-devel-windows-x86_64 0.1-5 37.00 324.00 361.00 NOTE
r-patched-linux-x86_64 0.1-5 26.59 299.84 326.43 OK
r-release-linux-x86_64 0.1-5 28.19 307.33 335.52 OK
r-release-macos-arm64 0.1-5 86.00 OK
r-release-macos-x86_64 0.1-5 125.00 OK
r-release-windows-x86_64 0.1-5 31.00 331.00 362.00 OK
r-oldrel-macos-arm64 0.1-5 61.00 OK
r-oldrel-macos-x86_64 0.1-5 103.00 OK
r-oldrel-windows-ix86+x86_64 0.1-5 67.00 311.00 378.00 OK

Check Details

Version: 0.1-5
Check: Rd files
Result: NOTE
    checkRd: (-1) dslp.Rd:11: Escaped LaTeX specials: \&
Flavors: r-devel-linux-x86_64-debian-clang, r-devel-linux-x86_64-debian-gcc, r-devel-linux-x86_64-fedora-clang, r-devel-linux-x86_64-fedora-gcc, r-devel-windows-x86_64