CRAN Package Check Results for Package metapower

Last updated on 2024-03-01 16:49:24 CET.

Flavor Version Tinstall Tcheck Ttotal Status Flags
r-devel-linux-x86_64-debian-clang 0.2.2 7.92 78.66 86.58 NOTE
r-devel-linux-x86_64-debian-gcc 0.2.2 6.29 58.43 64.72 NOTE
r-devel-linux-x86_64-fedora-clang 0.2.2 103.03 NOTE
r-devel-linux-x86_64-fedora-gcc 0.2.2 110.74 NOTE
r-devel-windows-x86_64 0.2.2 7.00 71.00 78.00 NOTE
r-patched-linux-x86_64 0.2.2 6.08 78.30 84.38 NOTE
r-release-linux-x86_64 0.2.2 4.84 75.48 80.32 NOTE
r-release-macos-arm64 0.2.2 47.00 NOTE
r-release-macos-x86_64 0.2.2 66.00 NOTE
r-release-windows-x86_64 0.2.2 13.00 88.00 101.00 NOTE
r-oldrel-macos-arm64 0.2.2 36.00 NOTE
r-oldrel-windows-x86_64 0.2.2 9.00 90.00 99.00 NOTE

Check Details

Version: 0.2.2
Check: LazyData
Result: NOTE 'LazyData' is specified without a 'data' directory Flavors: r-devel-linux-x86_64-debian-clang, r-devel-linux-x86_64-debian-gcc, r-devel-linux-x86_64-fedora-clang, r-devel-linux-x86_64-fedora-gcc, r-devel-windows-x86_64, r-patched-linux-x86_64, r-release-linux-x86_64, r-release-macos-arm64, r-release-macos-x86_64, r-release-windows-x86_64, r-oldrel-macos-arm64, r-oldrel-windows-x86_64