CRAN Package Check Results for Package metaplot

Last updated on 2020-08-13 15:51:11 CEST.

Flavor Version Tinstall Tcheck Ttotal Status Flags
r-devel-linux-x86_64-debian-clang 0.8.3 0.51 2.35 2.86 ERROR
r-devel-linux-x86_64-debian-gcc 0.8.3 7.66 64.36 72.02 OK
r-devel-linux-x86_64-fedora-clang 0.8.3 117.22 OK
r-devel-linux-x86_64-fedora-gcc 0.8.3 104.76 OK
r-devel-windows-ix86+x86_64 0.8.3 26.00 107.00 133.00 OK
r-patched-linux-x86_64 0.8.3 8.49 84.68 93.17 OK
r-patched-solaris-x86 0.8.3 149.60 OK
r-release-linux-x86_64 0.8.3 8.41 84.45 92.86 OK
r-release-macos-x86_64 0.8.3 OK
r-release-windows-ix86+x86_64 0.8.3 25.00 91.00 116.00 OK
r-oldrel-macos-x86_64 0.8.2 OK
r-oldrel-windows-ix86+x86_64 0.8.3 15.00 90.00 105.00 OK

Check Details

Version: 0.8.3
Check: package dependencies
Result: ERROR
    Package required but not available: 'tidyr'
    
    See section 'The DESCRIPTION file' in the 'Writing R Extensions'
    manual.
Flavor: r-devel-linux-x86_64-debian-clang