CRAN Package Check Results for Package metaplot

Last updated on 2024-02-24 16:48:25 CET.

Flavor Version Tinstall Tcheck Ttotal Status Flags
r-devel-linux-x86_64-debian-clang 0.8.4 10.89 107.86 118.75 OK
r-devel-linux-x86_64-debian-gcc 0.8.4 8.56 81.20 89.76 OK
r-devel-linux-x86_64-fedora-clang 0.8.4 150.77 OK
r-devel-linux-x86_64-fedora-gcc 0.8.4 146.99 OK
r-devel-windows-x86_64 0.8.4 11.00 102.00 113.00 OK
r-patched-linux-x86_64 0.8.4 11.03 104.17 115.20 OK
r-release-linux-x86_64 0.8.3 6.33 102.73 109.06 NOTE
r-release-macos-arm64 0.8.4 41.00 OK
r-release-macos-x86_64 0.8.4 94.00 OK
r-release-windows-x86_64 0.8.4 16.00 122.00 138.00 OK
r-oldrel-macos-arm64 0.8.4 47.00 OK
r-oldrel-windows-x86_64 0.8.4 14.00 121.00 135.00 OK

Check Details

Version: 0.8.3
Check: LazyData
Result: NOTE 'LazyData' is specified without a 'data' directory Flavor: r-release-linux-x86_64